 1 - (-34 + -15 - -71).
-27
(31 - (21 + -7)) + -3
14
-32 - (-59 - -20) - (-4 - -1)
10
-4 - ((1 - (-3 + 0)) + 2 + -4)
-6
Calculate 23 - ((3 - -1 - (96 - 108)) + -12).
19
31 + -21 + (-20 - -7)
-3
What is the value of -3 - ((32 - 61) + 11 + 2 + 2)?
11
Evaluate 2 + ((-27 - -14) + 6 - -10).
5
Evaluate 5 - 0 - (-18 + 17 + -3).
9
Evaluate 9 - (28 + -16 + -20).
17
What is the value of -4 + (-3 - -21) + -10?
4
Calculate -28 - (2 - (19 - 1)).
-12
Evaluate 6 - (12 + 17 - 19).
-4
What is -10 + (4 - (14 - 10)) + (0 - 3)?
-13
Calculate 10 + 7 + -13 + (139 - 110).
33
What is 9 + -13 + -10 + 6?
-8
-7 + 12 + (-7 - -5) + 1 + 4
8
What is -26 + -1 + (-34 - -13) + 12 + 17?
-19
What is 685 - 683 - (10 - (1 - -1))?
-6
Calculate 0 + 3 + (22 - 0) + 54 + -47.
32
-15 - (14 - (19 + 8) - (-2 + -3))
-7
Calculate -8 + 45 + (22 - 44).
15
Evaluate (-3 - (26 - (-19 - -32))) + 43.
27
89 + -24 + -27 + -22
16
What is (-11 - 3) + (11 + -9 - 5)?
-17
What is the value of (3 - 0 - (-24 - (12 + -26))) + 7?
20
What is the value of 1 - (48 + -42 - (-1 - -15))?
9
What is -6 - (0 - (6 + 9)) - (-1 + 3)?
7
What is the value of 14 + -37 + 24 + 0 + 20 + -3?
18
2 - 17 - (2 - (-30 - -20))
-27
Evaluate (5 - 0) + 6 + (12 + 4 - 31).
-4
Evaluate -6 - (-11 + 5 + -7 + -2).
9
42 + -3 + (114 - 137)
16
Evaluate (8 - -10 - 9) + 5 + -4 - -6.
16
What is the value of -1 - (-15 + 18 - (-1 + (-2 - 1)))?
-8
What is the value of -4 + -1 + 47 + -26 - 9?
7
(-1 - -2) + -1 - (1 + -4) - -4
7
Evaluate -13 + 40 + -4 + -13.
10
Evaluate 1 + (35 - 30 - ((-2 - -2) + -4)).
10
What is the value of -15 + 19 + 10 - 58 - -10?
-34
Evaluate 18 + -27 + -11 + 15.
-5
Evaluate -3 - -26 - (-13 - -21 - 9).
24
1 - (-20 - -8) - 1
12
Calculate 10 + 11 + -26 - -4.
-1
-11 + 10 + (3 + -11 - 3)
-12
What is the value of -5 - (-8 - -11) - -6 - -6?
4
What is (1 - 0) + (-15 - -11 - (-4 - 8))?
9
Calculate -11 + -6 + (0 - (2 - 6)).
-13
What is -4 - 13 - ((-5 - 14) + 13)?
-11
What is the value of 8 + 1 + -15 + (0 - (0 - 0))?
-6
What is the value of (24 - 9 - 9) + -7 + 13?
12
What is 14 + (-1 + 6 - 1) - (-19 - -24)?
13
Evaluate (2 + -1 + 3 - 3) + -11 + 8.
-2
What is the value of 3 + (28 - (-19 + 72))?
-22
What is (-8 + 5 - -6) + (-20 - (-15 - 10))?
8
(0 - 9) + 12 - (8 + (-3 - -5))
-7
Calculate -3 - -2 - (-3 - (0 - (5 + -6))).
3
What is the value of -17 + 1 - (-217 - -189)?
12
Evaluate -5 + (-23 + 2 - (59 + -51)).
-34
-3 + 1 + (37 - (47 + -20))
8
Calculate 6 + 3 + (-54 - -40).
-5
Evaluate (0 - 12) + (24 - (3 - 9)).
18
Calculate -9 + 28 + 23 + -45.
-3
Calculate -24 - ((-1 - (11 - 0)) + -561 + 570).
-21
What is the value of (0 - -3) + -17 + 34 + -19?
1
Evaluate (-29 + 33 - -13) + -52.
-35
-4 + (18 + -15 - (0 + -3 + 9))
-7
What is the value of -1 + -6 - (63 + -74)?
4
What is (-15 + 16 - -2) + -11 + 1?
-7
What is 1 - (-5 - -2) - (0 - -15)?
-11
What is 25 + (2 - 31) + 24?
20
What is 54 + -63 - (3 - 3)?
-9
Evaluate -5 + 3 + (31 - 25) + 0 + -5.
-1
Evaluate (18 + -31 - 31) + 30.
-14
Evaluate (1 - -17) + (-70 - -41 - 12).
-23
Evaluate (7 - (3 - -20)) + (-5 - (7 + -20)).
-8
What is 2 - 3 - (-5 + -2) - 0?
6
Calculate (-22 - (-38 - -18)) + (-2 - -6) + 12.
14
-28 - (18 - 13) - -71
38
Evaluate -1686 - -1672 - (14 - -1).
-29
Calculate -18 - (-35 + 54 - (-1 - -50)).
12
(2 - 4) + (-4 - (-7 - (-6 + 3)))
-2
What is the value of 15 + 1 - (835 - 812)?
-7
What is the value of -5 - (-3 - 7) - 18?
-13
Evaluate (2 - 13) + (7 + -17 - -9).
-12
What is the value of (-2 - (-1 - 3) - (-5 - -3)) + -10?
-6
Calculate -42 + 23 + -15 + -1 + -2.
-37
0 + (4 - ((15 + -1 - 4) + -2))
-4
Calculate 0 + 12 - (-129 + 158).
-17
What is the value of -18 + (-4 - (18 - 21))?
-19
-2 + 12 + (-21 + 39 - 32)
-4
Evaluate (829 - 853) + 1 + 10 - (6 - 0).
-19
What is the value of (-3 - -12) + -6 + 4 - (-1 + 10)?
-2
Calculate 16 + -10 + (-5 - 4 - -6).
3
-8 - -16 - (12 - -14) - (-5 - 1)
-12
(19 - 18) + -9 + -2
-10
(-8 - -16 - -2 - 4) + 8
14
What is the value of (-4 - -2 - (15 + (22 - 29))) + -3?
-13
Calculate 57 + -52 + -2 + (-5 - 1).
-3
Evaluate -45 + 39 + 24 + -31.
-13
What is the value of 61 - (-3 - (-41 - -9))?
32
(-8 - 6) + 36 + -17
5
What is the value of 3 + (-38 + 22 - 8)?
-21
Evaluate (0 - -6) + 20 + -56 + 6.
-24
24 - 29 - (3 - (3 + 5))
0
0 - -1 - (-585 + 600)
-14
What is the value of 29 - (0 + 7) - 20?
2
What is the value of 16 - (6 - 4 - -12)?
2
18 - (-5 + 3) - ((19 - 5) + -6)
12
(7 - (-7 - -10 - -2)) + (-2 - 8)
-8
2 + 25 + (2 - (-8 - -7 - -6))
24
What is (1 - -3) + 70 + -73?
1
What is the value of 5 + (-6 - -14) - (-7 - 8)?
28
What is the value of -42 + (-32 - -24 - -24)?
-26
What is -24 - -13 - (-20 + 0) - (-2 - -34)?
-23
What is 19 + -3 + -11 - 2 - 4?
-1
Evaluate 1 + (-17 - (-26 - -11)) + -1 + 1.
-1
What is the value of (0 - -1 - (0 + -24)) + -1586 + 1578?
17
What is the value of -14 + (-1 - ((-2 - 0) + 1)) + 5?
-9
What is -4 + (56 - 52) + (1 - 1 - -1)?
1
Evaluate -2 + (21 - (-29 - -41)).
7
What is the value of 8 - (-3 + 5) - 20?
-14
Evaluate 0 + (0 + -22 - ((-7 - -20) + -11)).
-24
What is the value of -10 + 23 + 9 - 15?
7
What is the value of -1 - 1 - (8 + -3 + (-3 - 0))?
-4
-33 - ((32 - (-17 - -48)) + -1 + -1)
-32
What is the value of 3 + (0 - -6) + -6 + -8?
-5
What is the value of 191 - 189 - (-1 + -4 + 18)?
-11
What is the value of -27 - (-10 + 8 + -12)?
-13
(71 - (100 - 34)) + (1 + -2 - 1)
3
What is 7 + 0 + (38 + -1 - 35)?
9
Evaluate (0 - 17) + (160 - 127).
16
Evaluate 68 - 76 - (1 + 10 + -2 + 0).
-17
What is the value of 1 - ((-2 - 6 - (21 - 20)) + -9)?
19
What is the value of -281 + 268 + 1 + -6?
-18
Evaluate -2 + 11 - (-12 + 26 + -3).
-2
What is 3 - -2 - 0 - (-5 + 0 - -5)?
5
What is the value of 9 + 1 - (51 + -41) - -11 - -1?
12
Evaluate -62 + 45 + (10 - 1) + 27.
19
What is the value of 20 + -1 + (-41 - -95 - 71)?
2
-4 - (-34 + (-5 - -3)) - (-287 - -299)
20
Evaluate -13 + (-11 - (-5 + -10 - 8)).
-1
What is the value of (8 - (16 - (-2 + 8))) + 3?
1
3 - -5 - 1 - ((-4 - -14) + -6)
3
Evaluate (-1 - 2) + -134 + 153.
16
What is the value of 7 - (-9 - -25 - 9) - 6?
-6
What is the value of (13 - (-59 + 76)) + (0 + 11 - 2)?
5
What is -16 + 18 - (1 - -2 - 3)?
2
6 - (-6 + (-14 - -14))
12
What is 11 - (-11 + (-7 - -2) + 11)?
16
What is the value of 11 + 2 - (-1 + 10 - (26 - 11))?
19
Calculate -5 + 8 - (-6 + 11) - 14.
-16
5 + (-1 - 4) - (0 - 7)
7
Calculate -17 + 26 + 19 - 6.
22
What is the value of -17 + (5 - (-20 + 21))?
-13
What is (-21 - (-56 + 33)) + (-4 - -8) + -12?
-6
What is 15 - (28 - 1) - (-4 - 1)?
-7
What is (-11 - (-25 + -5)) + -5?
14
-6 + (6 - (15 - 12)) + -25
-28
What is the value of -3 - (-6 + (-6 - (4 + -12 + -2)))?
-1
8 + -16 + 45 + -27
10
What is 16 + 1 + (13 - 19 - (-6 + 1))?
16
What is the value of 0 - 0 - 4 - (2665 - 2654)?
-15
Calculate (18 - (3 - 5)) + -10 + 14.
24
What is the value of 4 + 5 + -16 - (-1 - 3)?
-3
What is the value of 2 + (4 - -1) + (3 - 23) + 2?
-11
What is the value of (-19 + -16 - -25) + -19?
-29
Calculate -8 + (-17 - -1 - (-101 - -97)).
-20
Evaluate -10 + -2 + -3 + 0 - -4.
-11
Evaluate 1 + 3 - 2 - (-11 + 32 + -8).
-11
Calculate -390 + 387 + 7 + 0 - 33.
-29
Evaluate 0 + -14 - (137 + -139) - -15.
3
What is the value of (-26 - ((-4 - 1) + 3)) + (377 - 382)?
-29
What is -6 + (-14 - (-15 + -5))?
0
Evaluate -1 + (6 - 18) - 2.
-15
What is the value of -16 + 12 - 3 - -18?
11
-1 + -2 + -3 + (-1 - -2)
-5
Evaluate 91 + -89 - (5 + 0 - -2) - 7.
-12
What is the value of 10 - ((-1 - 4) + 40 + -11)?
-14
56 - 55 - (1 + -13 + -1 + -1)
15
What is the value of 1 + 2 - (-11 + 15 + 9 - 11)?
1
What is the value of 12 - 13 - (4 - (5 + 4)) - -3?
7
What is the value of -9 + (-2 - -1) - (-56 + 32)?
14
Calculate 21 - (-5 + (7 - -8)).
11
What is 0 + -2 + (-6 + 22 - (39 + -41))?
16
Evaluate -15 - ((-3 - -10) + (-6 - -3)).
-19
Calculate -3 - 1 - (-49 + 58) - -40.
27
Calculate (19 - (15 - -4)) + 10.
10
Evaluate 6 + 2 + -55 + 43 - (-1 + -2).
-1
Evaluate (-4 - (10 + -10)) + (-1 - 7).
-12
Evaluate (-1948 - -1938) + (0 - -30 - 1) - -1.
20
What is 1 + (1 - 0 - -21) - (34 - 34)?
23
Evaluate 3 - (-7 - (1 + 1 + -19)).
-7
14 + (-24 + 28 - 19)
-1
(-22 - (13 + -12)) + 8
-15
What is the value of -4 - -1 - (-265 - -253)?
9
What is 11 + 13 + (1 - 10) - 6?
9
What is -7 - (3 + -13 - (-18 - -16))?
1
(10 - 12 - -1) + 10
9
What is -22 + (5 - 0 - -12)?
-5
Evaluate (-7 - (4 + 0 - (120 + -116))) + -8.
-15
C